{"id":26,"date":"2012-06-06T16:35:43","date_gmt":"2012-06-06T14:35:43","guid":{"rendered":"http:\/\/www.poggehaus-zierstorf.de\/?page_id=26"},"modified":"2019-03-19T00:08:42","modified_gmt":"2019-03-18T23:08:42","slug":"literatur-links","status":"publish","type":"page","link":"http:\/\/www.poggehaus-zierstorf.de\/?page_id=26","title":{"rendered":"Literatur"},"content":{"rendered":"<ul>\n<li>Pogge, Paul: Im Reiche des Muata Jamwo, Berlin, 1880<\/li>\n<li>Pogge von Strandmann, Hartmut (Hrsg. und Bearbeiter): Ins tiefste Afrika. Paul Pogge und seine pr\u00e4kolonialen Reisen ins s\u00fcdliche Kongobecken, trafo verlag, 2004, S. 477<\/li>\n<li>Schr\u00f6der-Lembke, Gertrud: Carl Pogge und seine S\u00f6hne. Ein Beitrag zur mecklenburgischen Agrargeschichte in der 1. H\u00e4lfte des\u00a019. Jahrhunderts, Holtensee, 1992<\/li>\n<li>Stutz, Reno (Hrsg.): Erinnerungen der Luise Pogge 1799-1882, Verlag\u00a0Schmidt-R\u00f6mhild,\u00a02014<\/li>\n<li>Wissmann, Hermann: Unter deutscher Flagge quer durch Afrika von West nach Ost. Von 1880 bis 1883 ausgef\u00fchrt von Paul Pogge und Hermann Wissmann,\u00a0 Verlag von Walther und Apolant, Berlin, 1890<\/li>\n<\/ul>\n","protected":false},"excerpt":{"rendered":"<p>Pogge, Paul: Im Reiche des Muata Jamwo, Berlin, 1880 Pogge von Strandmann, Hartmut (Hrsg. und Bearbeiter): Ins tiefste Afrika. Paul Pogge und seine pr\u00e4kolonialen Reisen ins s\u00fcdliche Kongobecken, trafo verlag, 2004, S. 477 Schr\u00f6der-Lembke, Gertrud: Carl Pogge und seine S\u00f6hne. Ein Beitrag zur mecklenburgischen Agrargeschichte in der 1. H\u00e4lfte des\u00a019. Jahrhunderts, Holtensee, 1992 Stutz, Reno [&hellip;]<\/p>\n","protected":false},"author":1,"featured_media":0,"parent":0,"menu_order":7,"comment_status":"closed","ping_status":"open","template":"","meta":[],"_links":{"self":[{"href":"http:\/\/www.poggehaus-zierstorf.de\/index.php?rest_route=\/wp\/v2\/pages\/26"}],"collection":[{"href":"http:\/\/www.poggehaus-zierstorf.de\/index.php?rest_route=\/wp\/v2\/pages"}],"about":[{"href":"http:\/\/www.poggehaus-zierstorf.de\/index.php?rest_route=\/wp\/v2\/types\/page"}],"author":[{"embeddable":true,"href":"http:\/\/www.poggehaus-zierstorf.de\/index.php?rest_route=\/wp\/v2\/users\/1"}],"replies":[{"embeddable":true,"href":"http:\/\/www.poggehaus-zierstorf.de\/index.php?rest_route=%2Fwp%2Fv2%2Fcomments&post=26"}],"version-history":[{"count":14,"href":"http:\/\/www.poggehaus-zierstorf.de\/index.php?rest_route=\/wp\/v2\/pages\/26\/revisions"}],"predecessor-version":[{"id":308,"href":"http:\/\/www.poggehaus-zierstorf.de\/index.php?rest_route=\/wp\/v2\/pages\/26\/revisions\/308"}],"wp:attachment":[{"href":"http:\/\/www.poggehaus-zierstorf.de\/index.php?rest_route=%2Fwp%2Fv2%2Fmedia&parent=26"}],"curies":[{"name":"wp","href":"https:\/\/api.w.org\/{rel}","templated":true}]}}