{"id":28,"date":"2012-06-06T16:36:00","date_gmt":"2012-06-06T14:36:00","guid":{"rendered":"http:\/\/www.poggehaus-zierstorf.de\/?page_id=28"},"modified":"2026-01-04T15:01:31","modified_gmt":"2026-01-04T14:01:31","slug":"kontakt-impressum","status":"publish","type":"page","link":"http:\/\/www.poggehaus-zierstorf.de\/?page_id=28","title":{"rendered":"Kontakt &#038; Impressum"},"content":{"rendered":"<p>Das Projekt Poggehaus Zierstorf und der Heimatverein im Zierst\u00f6rper Pogge-Hus midden in M\u00e4kelborg e.V., der das Projekt trug, basierte ma\u00dfgeblich auf der Initiative von:<strong><br \/>\nRolf- Peter Bartz <\/strong>(verstorben 2025) und<strong><br \/>\nAnselm Wolte<\/strong>r\u00a0(verstorben 2024).<\/p>\n<p>Kontakt\/Impressum:<br \/>\nCornelia Wolter<br \/>\nE-mail:\u00a0<a title=\"kontakt@poggehaus-zierstorf.de\" href=\"mailto:kontakt@poggehaus-zierstorf.de\">kontakt@poggehaus-zierstorf.de<\/a><br \/>\nDiese Seite ist privat.<\/p>\n<p><strong>Anfahrt<\/strong><br \/>\n<iframe loading=\"lazy\" src=\"http:\/\/maps.google.de\/maps?f=q&amp;source=s_q&amp;hl=de&amp;geocode=&amp;q=Poggeweg,+Zierstorf,+Gro%C3%9F+Roge&amp;aq=0&amp;oq=poggeweg,+zierstorf&amp;sll=51.151786,10.415039&amp;sspn=6.906279,19.753418&amp;ie=UTF8&amp;hq=&amp;hnear=Poggeweg,+17166+Gro%C3%9F+Roge,+Mecklenburg-Vorpommern&amp;t=m&amp;z=14&amp;ll=53.80221,12.46343&amp;output=embed\" width=\"425\" height=\"350\" frameborder=\"0\" marginwidth=\"0\" marginheight=\"0\" scrolling=\"no\"><\/iframe><br \/>\n<small><a style=\"color: #0000ff; text-align: left;\" href=\"http:\/\/maps.google.de\/maps?f=q&amp;source=embed&amp;hl=de&amp;geocode=&amp;q=Poggeweg,+Zierstorf,+Gro%C3%9F+Roge&amp;aq=0&amp;oq=poggeweg,+zierstorf&amp;sll=51.151786,10.415039&amp;sspn=6.906279,19.753418&amp;ie=UTF8&amp;hq=&amp;hnear=Poggeweg,+17166+Gro%C3%9F+Roge,+Mecklenburg-Vorpommern&amp;t=m&amp;z=14&amp;ll=53.80221,12.46343\">Gr\u00f6\u00dfere Kartenansicht<\/a><\/small><\/p>\n","protected":false},"excerpt":{"rendered":"<p>Das Projekt Poggehaus Zierstorf und der Heimatverein im Zierst\u00f6rper Pogge-Hus midden in M\u00e4kelborg e.V., der das Projekt trug, basierte ma\u00dfgeblich auf der Initiative von: Rolf- Peter Bartz (verstorben 2025) und Anselm Wolter\u00a0(verstorben 2024). Kontakt\/Impressum: Cornelia Wolter E-mail:\u00a0kontakt@poggehaus-zierstorf.de Diese Seite ist privat. Anfahrt Gr\u00f6\u00dfere Kartenansicht<\/p>\n","protected":false},"author":1,"featured_media":0,"parent":0,"menu_order":9,"comment_status":"closed","ping_status":"closed","template":"","meta":[],"_links":{"self":[{"href":"http:\/\/www.poggehaus-zierstorf.de\/index.php?rest_route=\/wp\/v2\/pages\/28"}],"collection":[{"href":"http:\/\/www.poggehaus-zierstorf.de\/index.php?rest_route=\/wp\/v2\/pages"}],"about":[{"href":"http:\/\/www.poggehaus-zierstorf.de\/index.php?rest_route=\/wp\/v2\/types\/page"}],"author":[{"embeddable":true,"href":"http:\/\/www.poggehaus-zierstorf.de\/index.php?rest_route=\/wp\/v2\/users\/1"}],"replies":[{"embeddable":true,"href":"http:\/\/www.poggehaus-zierstorf.de\/index.php?rest_route=%2Fwp%2Fv2%2Fcomments&post=28"}],"version-history":[{"count":19,"href":"http:\/\/www.poggehaus-zierstorf.de\/index.php?rest_route=\/wp\/v2\/pages\/28\/revisions"}],"predecessor-version":[{"id":343,"href":"http:\/\/www.poggehaus-zierstorf.de\/index.php?rest_route=\/wp\/v2\/pages\/28\/revisions\/343"}],"wp:attachment":[{"href":"http:\/\/www.poggehaus-zierstorf.de\/index.php?rest_route=%2Fwp%2Fv2%2Fmedia&parent=28"}],"curies":[{"name":"wp","href":"https:\/\/api.w.org\/{rel}","templated":true}]}}